{"id":818,"date":"2022-06-03T16:53:51","date_gmt":"2022-06-03T14:53:51","guid":{"rendered":"http:\/\/archifree.fr\/?page_id=818"},"modified":"2023-02-01T15:49:40","modified_gmt":"2023-02-01T14:49:40","slug":"presentation-de-latelier-darchitecture","status":"publish","type":"page","link":"http:\/\/archifree.fr\/?page_id=818","title":{"rendered":"Pr\u00e9sentation de l&rsquo;Atelier d&rsquo;Architecture"},"content":{"rendered":"\n<p>Fond\u00e9e par P.Vivien, Architecte DESA (Raspail), <strong>l&rsquo; Atelier d&rsquo;architecture P.Vivien<\/strong> est n\u00e9e en juin 1994 de la  volont\u00e9 d\u2019apporter aux maitres d&rsquo;ouvrages des comp\u00e9tences et une proposition d&rsquo;architecture  contemporaine de qualit\u00e9. Install\u00e9e \u00e0 Milly la for\u00eat, l\u2019atelier travaille en \u00e9troite collaboration avec deux agences d&rsquo;architectes (en fonction des besoins) afin de vous accompagner dans vos projets . Nous travaillons sur des projets de construction neuve mais aussi en r\u00e9novations lourdes pour de l&rsquo; habitat collectif, maison individuelle, espaces commerciaux,  restaurants, h\u00f4tels, \u00e9quipements .<\/p>\n\n\n\n<p><strong>L&rsquo; Atelier d&rsquo;architecture P.Vivien<\/strong> apporte un soin particulier aux ambiances, aux mati\u00e8res, ainsi qu\u2019\u00e0 l\u2019\u00e9volution du projet final dans le temps. Nous avons \u00e0 c\u0153ur d\u2019accompagner le ma\u00eetre d\u2019ouvrage dans l\u2019ensemble de son projet, tout en restant au plus proche de ses aspirations . <strong><strong>l&rsquo; Atelier d&rsquo;architectur<\/strong><\/strong>e est en recherche perp\u00e9tuelle afin de trouver les solutions techniques les plus adapt\u00e9es, toujours dans le respect de l\u2019\u00e9quilibre \u00e9conomique et esth\u00e9tique d\u00e9fini par le Maitre d&rsquo;ouvrage.<\/p>\n\n\n\n<p>L\u2019agence d\u2019architecture propose \u00e0 la ma\u00eetrise d\u2019ouvrage un accompagnement sur mesure, \u00e0 chaque \u00e9tape de son projet que ce soit en mission partielle ou compl\u00e8te : permis de construire, d\u00e9claration pr\u00e9alable, permis d\u2019am\u00e9nager\u2026 <\/p>\n\n\n\n<p><strong>L&rsquo; Atelier d&rsquo;architecture P.Vivien<\/strong> intervient \u00e0 toutes les phases et les \u00e9chelles de projet par l&rsquo;interm\u00e9diaire d&rsquo;une maquette 3D ( BIM ) afin d\u2019assurer la qualit\u00e9, la pr\u00e9cision irr\u00e9prochable. Elle propose en ce sens, un large panel de prestations allant des travaux de r\u00e9novation l\u00e9g\u00e8re \u00e0 la restructuration lourde, en passant par  la modification de structure, l&rsquo;am\u00e9nagement paysager (sous-traittant), le conseil, l\u2019\u00e9tude de faisabilit\u00e9.<\/p>\n\n\n\n<p><strong>l&rsquo; Atelier d&rsquo;architecture P.Vivien<\/strong> cherche  \u00e0 apporter \u00e0 leur client, le meilleur service et conseil possible, mais restent tr\u00e8s r\u00e9alistes quant \u00e0 la faisabilit\u00e9 du projet. <strong><strong>l&rsquo; Atelier d&rsquo;architecture P.Vivien<\/strong><\/strong> accorde une importance majeure \u00e0 la place de la lumi\u00e8re, qu\u2019elle soit artificielle ou naturelle tant elle est un \u00e9l\u00e9ment structurant dans chacun de leurs projets. La qualit\u00e9 environnementale du lieu, la r\u00e9ponse \u00e9nerg\u00e9tique,  la conception bioclimatique et  l\u2019emploi de mat\u00e9riaux naturels sont au c\u0153ur des pr\u00e9occupations de l\u2019atelier qui reste de taille mesurer afin de r\u00e9pondre  au plus pr\u00e8s de nos clients.<\/p>\n\n\n\n<p><\/p>\n\n\n\n<p><\/p>\n\n\n\n<p>&#8230;<\/p>\n\n\n<div class=\"wp-block-image\">\n<figure class=\"aligncenter size-large\"><img loading=\"lazy\" decoding=\"async\" width=\"768\" height=\"1024\" src=\"http:\/\/archifree.fr\/wp-content\/uploads\/2022\/05\/P1040431-768x1024.jpg\" alt=\"Escalier du gite rural  des &quot;Carneaux&quot;\" class=\"wp-image-516\" srcset=\"http:\/\/archifree.fr\/wp-content\/uploads\/2022\/05\/P1040431-768x1024.jpg 768w, http:\/\/archifree.fr\/wp-content\/uploads\/2022\/05\/P1040431-225x300.jpg 225w, http:\/\/archifree.fr\/wp-content\/uploads\/2022\/05\/P1040431-1152x1536.jpg 1152w, http:\/\/archifree.fr\/wp-content\/uploads\/2022\/05\/P1040431-1536x2048.jpg 1536w, http:\/\/archifree.fr\/wp-content\/uploads\/2022\/05\/P1040431-1024x1365.jpg 1024w, http:\/\/archifree.fr\/wp-content\/uploads\/2022\/05\/P1040431-810x1080.jpg 810w, http:\/\/archifree.fr\/wp-content\/uploads\/2022\/05\/P1040431-scaled.jpg 1920w\" sizes=\"auto, (max-width: 768px) 100vw, 768px\" \/><\/figure>\n<\/div>\n\n","protected":false},"excerpt":{"rendered":"<p>Fond\u00e9e par P.Vivien, Architecte DESA (Raspail), l&rsquo; Atelier d&rsquo;architecture P.Vivien est n\u00e9e en juin 1994 de la volont\u00e9 d\u2019apporter aux maitres d&rsquo;ouvrages des comp\u00e9tences et une proposition d&rsquo;architecture contemporaine de qualit\u00e9. Install\u00e9e \u00e0 Milly la for\u00eat, l\u2019atelier travaille en \u00e9troite collaboration avec deux agences d&rsquo;architectes (en fonction des besoins) afin de vous accompagner dans vos&hellip; <br \/> <a class=\"read-more\" href=\"http:\/\/archifree.fr\/?page_id=818\">Lire la suite<\/a><\/p>\n","protected":false},"author":1,"featured_media":0,"parent":0,"menu_order":0,"comment_status":"closed","ping_status":"closed","template":"","meta":{"footnotes":""},"class_list":["post-818","page","type-page","status-publish","hentry"],"_links":{"self":[{"href":"http:\/\/archifree.fr\/index.php?rest_route=\/wp\/v2\/pages\/818","targetHints":{"allow":["GET"]}}],"collection":[{"href":"http:\/\/archifree.fr\/index.php?rest_route=\/wp\/v2\/pages"}],"about":[{"href":"http:\/\/archifree.fr\/index.php?rest_route=\/wp\/v2\/types\/page"}],"author":[{"embeddable":true,"href":"http:\/\/archifree.fr\/index.php?rest_route=\/wp\/v2\/users\/1"}],"replies":[{"embeddable":true,"href":"http:\/\/archifree.fr\/index.php?rest_route=%2Fwp%2Fv2%2Fcomments&post=818"}],"version-history":[{"count":9,"href":"http:\/\/archifree.fr\/index.php?rest_route=\/wp\/v2\/pages\/818\/revisions"}],"predecessor-version":[{"id":1148,"href":"http:\/\/archifree.fr\/index.php?rest_route=\/wp\/v2\/pages\/818\/revisions\/1148"}],"wp:attachment":[{"href":"http:\/\/archifree.fr\/index.php?rest_route=%2Fwp%2Fv2%2Fmedia&parent=818"}],"curies":[{"name":"wp","href":"https:\/\/api.w.org\/{rel}","templated":true}]}}

Présentation de l&rsquo;Atelier d&rsquo;Architecture

<p>Fondée par P.Vivien, Architecte DESA (Raspail), <strong>l&rsquo; Atelier d&rsquo;architecture P.Vivien</strong> est née en juin 1994 de la  volonté d’apporter aux maitres d&rsquo;ouvrages des compétences et une proposition d&rsquo;architecture  contemporaine de qualité. Installée à Milly la forêt, l’atelier travaille en étroite collaboration avec deux agences d&rsquo;architectes (en fonction des besoins) afin de vous accompagner dans vos projets . Nous travaillons sur des projets de construction neuve mais aussi en rénovations lourdes pour de l&rsquo; habitat collectif, maison individuelle, espaces commerciaux,  restaurants, hôtels, équipements .</p>



<p><strong>L&rsquo; Atelier d&rsquo;architecture P.Vivien</strong> apporte un soin particulier aux ambiances, aux matières, ainsi qu’à l’évolution du projet final dans le temps. Nous avons à cœur d’accompagner le maître d’ouvrage dans l’ensemble de son projet, tout en restant au plus proche de ses aspirations . <strong><strong>l&rsquo; Atelier d&rsquo;architectur</strong></strong>e est en recherche perpétuelle afin de trouver les solutions techniques les plus adaptées, toujours dans le respect de l’équilibre économique et esthétique défini par le Maitre d&rsquo;ouvrage.</p>



<p>L’agence d’architecture propose à la maîtrise d’ouvrage un accompagnement sur mesure, à chaque étape de son projet que ce soit en mission partielle ou complète : permis de construire, déclaration préalable, permis d’aménager… </p>



<p><strong>L&rsquo; Atelier d&rsquo;architecture P.Vivien</strong> intervient à toutes les phases et les échelles de projet par l&rsquo;intermédiaire d&rsquo;une maquette 3D ( BIM ) afin d’assurer la qualité, la précision irréprochable. Elle propose en ce sens, un large panel de prestations allant des travaux de rénovation légère à la restructuration lourde, en passant par  la modification de structure, l&rsquo;aménagement paysager (sous-traittant), le conseil, l’étude de faisabilité.</p>



<p><strong>l&rsquo; Atelier d&rsquo;architecture P.Vivien</strong> cherche  à apporter à leur client, le meilleur service et conseil possible, mais restent très réalistes quant à la faisabilité du projet. <strong><strong>l&rsquo; Atelier d&rsquo;architecture P.Vivien</strong></strong> accorde une importance majeure à la place de la lumière, qu’elle soit artificielle ou naturelle tant elle est un élément structurant dans chacun de leurs projets. La qualité environnementale du lieu, la réponse énergétique,  la conception bioclimatique et  l’emploi de matériaux naturels sont au cœur des préoccupations de l’atelier qui reste de taille mesurer afin de répondre  au plus près de nos clients.</p>



<p></p>



<p></p>



<p>&#8230;</p>


<div class="wp-block-image">
<figure class="aligncenter size-large"><img loading="lazy" decoding="async" width="768" height="1024" src="http://archifree.fr/wp-content/uploads/2022/05/P1040431-768x1024.jpg" alt="Escalier du gite rural  des &quot;Carneaux&quot;" class="wp-image-516" srcset="http://archifree.fr/wp-content/uploads/2022/05/P1040431-768x1024.jpg 768w, http://archifree.fr/wp-content/uploads/2022/05/P1040431-225x300.jpg 225w, http://archifree.fr/wp-content/uploads/2022/05/P1040431-1152x1536.jpg 1152w, http://archifree.fr/wp-content/uploads/2022/05/P1040431-1536x2048.jpg 1536w, http://archifree.fr/wp-content/uploads/2022/05/P1040431-1024x1365.jpg 1024w, http://archifree.fr/wp-content/uploads/2022/05/P1040431-810x1080.jpg 810w, http://archifree.fr/wp-content/uploads/2022/05/P1040431-scaled.jpg 1920w" sizes="auto, (max-width: 768px) 100vw, 768px" /></figure>
</div>

<p>Fondée par P.Vivien, Architecte DESA (Raspail), l&rsquo; Atelier d&rsquo;architecture P.Vivien est née en juin 1994 de la volonté d’apporter aux maitres d&rsquo;ouvrages des compétences et une proposition d&rsquo;architecture contemporaine de qualité. Installée à Milly la forêt, l’atelier travaille en étroite collaboration avec deux agences d&rsquo;architectes (en fonction des besoins) afin de vous accompagner dans vos&hellip; <br /> <a class="read-more" href="http://archifree.fr/?page_id=818">Lire la suite</a></p>
